 is the greatest common factor of u and 44?
22
Let d = 65 - 53. What is the greatest common factor of d and 96?
12
Let q be 154/44*(2 - 1 - -1). Calculate the greatest common divisor of 112 and q.
7
Let g = -5 + 3. Let z be g/8 + (-616)/(-32). Calculate the highest common divisor of 38 and z.
19
Let c = -28 - -39. Let l(v) = v**3 - 10*v**2 - 11*v + 16. Let q be l(c). What is the greatest common factor of q and 48?
16
Suppose 3*s = -l + 168, 5*s - l - 121 = 151. Suppose 1 + s = 4*u. Suppose 3*x = -2*x + 35. What is the greatest common factor of u and x?
7
Let s = -58 + 154. What is the highest common divisor of 12 and s?
12
Let y = 57 + -29. Let r = y + -9. What is the greatest common factor of 209 and r?
19
Let g = -16 - -30. Suppose t - g = 8. What is the highest common divisor of 11 and t?
11
Let i be (-1 - 2) + 0 + (45 - 0). Calculate the greatest common factor of 6 and i.
6
Let q be (-4)/(-24) + (-284)/(-24). Calculate the highest common factor of q and 3.
3
Let j = 18 - 3. What is the highest common factor of 75 and j?
15
Suppose 0 = 5*b + 5*c - 10, 0*b - 16 = -4*b - 2*c. Calculate the highest common factor of b and 48.
6
Let k(t) = -t**3 + 13. Let q be k(0). Let x = -74 + 165. What is the greatest common factor of x and q?
13
Let z(j) = -2*j + 19. Let b be z(-13). Calculate the greatest common divisor of b and 9.
9
Let y = -184 - -394. What is the greatest common divisor of 30 and y?
30
Suppose 3*r = -n + 2164, 181 + 551 = r - 5*n. Suppose 282 = -5*b + r. What is the highest common divisor of b and 8?
8
Suppose 0*j = 4*h + 4*j - 1540, 4*h = 5*j + 1558. Calculate the highest common divisor of 43 and h.
43
Let i be (-4*1)/((-4)/4). Let m be (0 - -1)/(i/68). Let o be 2 + -302*3/(-6). What is the highest common factor of m and o?
17
Let v be 1*91/(3 - 2). Let j be 7/(-21) + (-2)/(-6). Let g be ((1 + j)*-26)/(-2). What is the greatest common divisor of g and v?
13
Let j(v) = -1 + 2 + 4*v - 5 - 2*v. Let r be j(5). What is the highest common factor of r and 24?
6
Suppose 0 = 6*t - t + 45. Let c be (1 - t) + 0/(-1). Let m(s) = 8*s - 3. Let o be m(1). Calculate the greatest common divisor of c and o.
5
Let p = 8 + 12. Calculate the greatest common factor of 8 and p.
4
Suppose 22*t - 77 - 55 = 0. Suppose -5*o + 30 = -3*o. What is the highest common factor of o and t?
3
Let w(q) be the first derivative of -q**4/4 - 2*q**3 - 7*q**2/2 - 6*q - 3. Let n be w(-5). What is the greatest common divisor of 1 and n?
1
Let p(z) = 2*z**2 - 19*z + 8. Let c be p(10). What is the greatest common divisor of c and 6?
6
Let r(i) = 231*i**3 - 1. Let h be r(1). Calculate the greatest common factor of h and 46.
46
Suppose -6*n + 46 = 10. Let r be 718/6 + n/(-9). Calculate the greatest common factor of r and 17.
17
Let l = 8 + -4. Let o = 169 + -39. Suppose l*w - o = -w. What is the greatest common divisor of w and 13?
13
Suppose -3*o + 2*g = -5*o + 20, -o + 5*g = -4. Let f = 27 - o. Calculate the highest common divisor of 9 and f.
9
Let r(g) = g**2 + 5. Let j be r(5). Let q(i) = -i + 2. Let x be q(3). Let n be ((-6)/15)/(x/30). Calculate the highest common factor of j and n.
6
Let m(d) = 8*d**2 - 2. Let z be 24/10*(-60)/(-9). Suppose z = -5*y + f, -5*y - f = -6 + 20. Let w be m(y). What is the highest common factor of w and 28?
14
Suppose -2*p - 7 = -p - 3*c, c + 35 = 5*p. Let y(u) = -u - 5. Let t be y(-7). What is the greatest common factor of t and p?
2
Let c(w) = -4*w - 8. Suppose -5*d - 56 = -4*u, 0 = -d - 2*u + 3*u - 11. Let j = -18 - d. Let i be c(j). Calculate the greatest common divisor of i and 144.
16
Let i = -15 + 21. Let l be (i/3)/((-6)/(-21)). Calculate the greatest common factor of 7 and l.
7
Let p be (-4)/(-3)*15/(-10) - -9. What is the highest common divisor of p and 7?
7
Let z be 4/(-1)*20/(-16). Calculate the greatest common divisor of 10 and z.
5
Let f = -38 + 96. Calculate the highest common factor of 145 and f.
29
Let m(g) = -5 - 2 - 2*g - 5. Let y be m(-10). What is the greatest common divisor of y and 32?
8
Let u = -2 - 0. Let d be 20*(2/(-5) - u). Suppose -6*t = -2*b - t + 185, -t = -3*b + 245. Calculate the highest common factor of d and b.
16
Let v = -23 - -25. What is the highest common factor of 6 and v?
2
Let g = 32 - 30. Calculate the greatest common divisor of g and 2.
2
Suppose 4*u + u - 30 = 0. Suppose -3 - u = -3*q. What is the greatest common factor of q and 3?
3
Let z(h) = -8*h**2 + h + 1. Let i be z(-1). Let r = i - -16. What is the highest common factor of r and 16?
8
Let n be (-2)/(-8) - (-83)/4. Let b be 14/(-3)*(-162)/n. Calculate the greatest common factor of b and 18.
18
Suppose 5*z = -3*g + 25, -3*g + 3 + 2 = -5*z. Suppose 0 = -3*t + z + 4. What is the greatest common divisor of 1 and t?
1
Let u = -214 + 457. What is the greatest common factor of u and 27?
27
Let k = 6 + -2. Suppose k*z = 0, -3*v + z = v - 24. Let m be 120/(-9)*v/(-5). What is the highest common factor of m and 64?
16
Let h(p) = -p**2 + 3*p + 6. Let i(u) = u + 1. Let g(v) = h(v) - 6*i(v). Let w be g(3). Let s = w + 32. What is the greatest common factor of s and 56?
14
Let y = -37 + 70. What is the highest common divisor of y and 132?
33
Let c(o) = o**3 - 2*o**2 - 5*o - 5. Let b be c(5). Let u = b + -32. Suppose 0 = -3*j + u + 5. What is the greatest common factor of 12 and j?
6
Let f(j) = -6*j + 6. Let n be f(-7). Calculate the highest common factor of 120 and n.
24
Let u(z) = z**2 + 4. Let i be u(-6). Let h = 7 + -5. Suppose 0 = h*r + 3*r - 80. What is the highest common factor of i and r?
8
Let n(q) = -110*q + 1. Let p(d) = 111*d - 1. Let w(c) = -5*n(c) - 6*p(c). Let g = 4 + -5. Let k be w(g). What is the highest common factor of 13 and k?
13
Let q(h) = h**2 + 4*h + 2. Let s be q(-4). Let u be 7/((-147)/(-6)) + (-124)/(-7). Calculate the greatest common divisor of u and s.
2
Suppose -3*t + c + 2*c = 0, -2*c + 3 = -t. What is the greatest common divisor of 57 and t?
3
Suppose 3*s - 33 = 4*p, 4*s + 4*p + 2 = 18. Calculate the greatest common divisor of s and 56.
7
Let h(u) = -u + 3. Let m be h(-5). Suppose -3*c + x + 2 = -2*c, m = 2*x. Calculate the greatest common factor of 1 and c.
1
Let v(w) = -5*w**3 + 2*w + 1. Let p be v(-1). Suppose -5*x + 55 = -5*j, 5*x + p*j + j - 25 = 0. What is the highest common divisor of 24 and x?
8
Let c be 4 - 7/(21/(-282)). Calculate the highest common divisor of 14 and c.
14
Let u be (-21)/(3 - 54/16). Suppose 2*t + u = 4*v, -5*v = -2*t - 69 - 2. Calculate the highest common divisor of 165 and v.
15
Suppose 3*i = -36 + 192. Suppose -2*b = g - i, -2*g = -2*b - 127 + 35. What is the greatest common factor of 32 and g?
16
Let z(w) = w**3 - 5*w**2 - 5*w - 4. Let q be z(6). Suppose -7*f + 5*r + 125 = -q*f, -5*r = -3*f + 77. Calculate the highest common factor of 6 and f.
6
Let b(x) = x**2 - 21. Let w be b(7). Calculate the highest common divisor of 4 and w.
4
Suppose -2*y = -6*y + 16. Let z be 10 + (-1)/((-1)/y). Calculate the greatest common divisor of z and 154.
14
Let g be 795/2 - (-30)/(-20). Calculate the highest common factor of g and 44.
44
Let l be 1/(-4) - (-57)/4. Suppose 5*o = -5*r + 40, 5*r = 2*o + l + 12. Calculate the highest common divisor of 6 and r.
6
Suppose -3*k + 4*k - 13 = 0. Calculate the greatest common divisor of 143 and k.
13
Let l(c) = 3*c**2 - 4*c + 3. Let p = -14 + 20. Let w = p + -4. Let d be l(w). Calculate the highest common factor of d and 35.
7
Suppose 2*s = -3*f - 14, -3 = 4*s - 2*f - 7. Let q be ((-10)/(-15))/(s/(-33)). Let g = 29 - 18. What is the highest common factor of q and g?
11
Suppose -5*f - 4*b = -8*b - 540, 0 = b. Calculate the greatest common divisor of 12 and f.
12
Let p be (0 - 1)/(0 - 4/12). Calculate the greatest common factor of 33 and p.
3
Let b = 98 - 2. Calculate the highest common factor of 24 and b.
24
Suppose 7 = -3*o + 1. Let f(q) = q**3 - 13*q**2 + 13*q - 8. Let k be f(12). Let x be ((-13)/o)/(2/k). What is the greatest common factor of x and 26?
13
Suppose 0 = 6*t - 7*t + 13. Suppose 234 = -0*h + 3*h. Calculate the greatest common factor of t and h.
13
Suppose 5*c = -2*p - 83, 2*c - 55 = 5*c - 4*p. Let y = 4 + -8. Let u = y - c. Calculate the greatest common divisor of u and 26.
13
Suppose 0 = 4*x + 30 + 162. Let f = 90 + x. Calculate the highest common factor of 1